factor of 258 and 31914.
6
Calculate the greatest common divisor of 117469 and 935770.
1991
Calculate the highest common factor of 527268198 and 174.
174
Calculate the highest common divisor of 102 and 8392322.
34
Calculate the highest common divisor of 57416 and 328.
8
Calculate the highest common factor of 2009 and 346586653.
2009
What is the greatest common divisor of 30 and 546087435?
15
What is the greatest common divisor of 99779 and 31753?
113
Calculate the greatest common divisor of 4960 and 355360.
160
Calculate the greatest common divisor of 2036249231 and 1369.
1369
What is the highest common divisor of 1162986 and 609499?
737
What is the greatest common divisor of 1496744 and 64543?
817
Calculate the greatest common divisor of 2381236 and 36608.
572
What is the greatest common divisor of 5085 and 300240?
45
Calculate the greatest common divisor of 166 and 25617037.
83
What is the highest common factor of 17909814 and 78?
78
Calculate the highest common factor of 123818 and 16.
2
Calculate the greatest common divisor of 189188 and 116.
4
Calculate the greatest common factor of 2948 and 21066944.
268
What is the greatest common factor of 6959020 and 10?
10
What is the greatest common factor of 15249802 and 16?
2
Calculate the highest common divisor of 17994 and 63836714.
5998
What is the highest common factor of 255379 and 1539?
19
What is the highest common divisor of 15669566 and 71478?
7942
Calculate the highest common factor of 320676 and 2688.
12
Calculate the highest common divisor of 6974463 and 6327.
2109
What is the highest common divisor of 247080 and 465?
15
What is the highest common factor of 997 and 45311656?
997
Calculate the greatest common divisor of 117 and 3884751.
117
What is the greatest common divisor of 173160520 and 88?
8
What is the greatest common divisor of 14089032 and 304?
152
Calculate the greatest common factor of 17345853 and 1029.
1029
Calculate the greatest common divisor of 454 and 544800.
454
Calculate the highest common divisor of 44001 and 53583.
3
Calculate the greatest common divisor of 254981 and 10379.
107
Calculate the highest common factor of 145382751 and 9.
9
What is the greatest common factor of 3560 and 717?
1
What is the greatest common divisor of 10743 and 2443753182?
10743
What is the greatest common divisor of 351 and 4143256?
13
Calculate the greatest common factor of 12637308 and 12.
12
Calculate the greatest common factor of 62226 and 112446.
18
Calculate the greatest common factor of 257370 and 15240.
30
Calculate the highest common divisor of 60668 and 407508.
116
What is the highest common factor of 102465 and 9076881?
759
Calculate the highest common divisor of 1079363 and 55357.
197
What is the greatest common divisor of 8351414 and 312582?
1766
What is the greatest common factor of 708 and 3580887?
177
Calculate the highest common divisor of 405 and 4435530.
15
What is the highest common factor of 2233 and 5177909?
11
Calculate the highest common factor of 197593 and 54087.
121
Calculate the highest common factor of 8 and 38461664.
8
What is the greatest common divisor of 537 and 26928939?
537
What is the greatest common factor of 5275 and 7025?
25
Calculate the highest common factor of 2910 and 141560442.
582
Calculate the highest common divisor of 396033 and 32307.
363
Calculate the greatest common factor of 2874 and 7441744.
958
What is the highest common divisor of 195 and 5763186?
39
Calculate the highest common factor of 115 and 8269213.
23
Calculate the greatest common divisor of 713927568 and 11629.
11629
What is the greatest common divisor of 313 and 1042112216?
313
What is the highest common divisor of 147900 and 1932645?
255
What is the greatest common factor of 501087 and 745?
149
Calculate the greatest common divisor of 10512 and 5512230.
1314
What is the highest common factor of 489091527 and 2241?
2241
What is the highest common divisor of 251006643 and 1098?
549
Calculate the greatest common factor of 20662862 and 1298.
1298
Calculate the greatest common factor of 1835608 and 3186.
118
Calculate the greatest common divisor of 643212 and 47583.
153
Calculate the greatest common factor of 40 and 6925768.
8
Calculate the greatest common factor of 734217 and 103455.
627
Calculate the greatest common factor of 8160536 and 318008.
2504
What is the highest common divisor of 7946 and 3081404?
274
Calculate the highest common divisor of 111327528 and 546.
78
Calculate the highest common factor of 116774748 and 108.
36
Calculate the greatest common divisor of 1240966124 and 1252.
1252
What is the greatest common divisor of 7937462 and 5476?
2738
What is the highest common divisor of 456893 and 6961866?
3287
What is the highest common factor of 63282744 and 49887?
2169
What is the greatest common divisor of 496 and 1791920?
16
What is the greatest common divisor of 1316490 and 195?
15
What is the highest common divisor of 516648584 and 692?
692
What is the highest common divisor of 362148 and 1788492?
1236
Calculate the greatest common factor of 8410010 and 140.
70
Calculate the highest common factor of 4240699 and 87.
29
What is the highest common factor of 240354 and 1242?
54
Calculate the greatest common divisor of 243 and 848322.
9
What is the highest common factor of 505665 and 15963?
51
What is the highest common factor of 1446 and 20734?
2
Calculate the greatest common divisor of 20694 and 1524.
6
What is the greatest common divisor of 202806 and 7011?
171
What is the greatest common factor of 3984425 and 54256?
3391
Calculate the greatest common divisor of 958630 and 2720.
170
Calculate the greatest common factor of 214513 and 241657.
377
What is the highest common divisor of 146165 and 24152875?
3565
Calculate the highest common factor of 239141504 and 56.
56
What is the highest common divisor of 11408 and 532034896?
11408
What is the highest common factor of 109333375 and 5750?
2875
Calculate the highest common factor of 15917682 and 66.
66
Calculate the highest common divisor of 11 and 13220.
1
What is the greatest common factor of 51590 and 75563873?
5159
Calculate the highest common divisor of 2675 and 59775.
25
What is the greatest common factor of 2475 and 844283?
11
Calculate the highest common factor of 35917251 and 51697.
3041
What is the highest common factor of 22077 and 1643510?
2453
Calculate the highest common divisor of 2570243 and 13.
13
What is the greatest common factor of 5192 and 2445727?
59
Calculate the highest common factor of 734167995 and 363.
33
Calculate the greatest common factor of 12959020 and 60.
20
Calculate the greatest common divisor of 157267 and 2040.
17
Calculate the greatest common factor of 796 and 246163.
199
Calculate the highest common divisor of 2623292 and 17556.
532
Calculate the highest common factor of 5547678 and 284138.
4658
What is the highest common divisor of 89520316 and 296?
148
What is the highest common divisor of 5722425 and 9135?
1305
What is the highest common divisor of 5183 and 263603?
73
Calculate the highest common factor of 1207330 and 3190.
10
Calculate the highest common factor of 5205 and 111359240.
1735
Calculate the highest common divisor of 142168810 and 2335.
2335
What is the highest common factor of 3380 and 167920?
20
Calculate the highest common divisor of 305035168 and 160.
32
What is the greatest common divisor of 533841412 and 3536?
884
Calculate the greatest common divisor of 70589383 and 488.
61
What is the greatest common factor of 23044894 and 17?
17
What is the highest common divisor of 780 and 2808468?
156
Calculate the greatest common factor of 33848 and 368896659.
4231
What is the highest common divisor of 133424 and 349680?
496
Calculate the highest common divisor of 3043 and 35850120.
179
What is the greatest common factor of 2342 and 5077?
1
What is the highest common factor of 1928597 and 913?
11
Calculate the greatest common factor of 289850 and 294610.
170
Calculate the greatest common divisor of 68195 and 700465.
115
What is the highest common divisor of 126973 and 488257?
1309
What is the highest common factor of 838 and 2330483866?
838
What is the highest common factor of 278599936 and 296?
296
Calculate the greatest common factor of 42472 and 1208.
8
Calculate t